{"id":78,"date":"2017-12-09T17:47:06","date_gmt":"2017-12-09T16:47:06","guid":{"rendered":"http:\/\/lesluciolesdelavallee.fr\/?page_id=78"},"modified":"2025-03-13T23:08:21","modified_gmt":"2025-03-13T22:08:21","slug":"le-conseil-dadministration","status":"publish","type":"page","link":"https:\/\/lesluciolesdelavallee.fr\/?page_id=78","title":{"rendered":"Le conseil d&rsquo;administration"},"content":{"rendered":"<p>Le conseil d&rsquo;administration de l&rsquo;association est compos\u00e9 comme suit :<\/p>\n<table dir=\"ltr\" style=\"height: 315px;\" border=\"1\" width=\"496\" cellspacing=\"0\" cellpadding=\"0\" data-sheets-root=\"1\">\n<colgroup>\n<col width=\"123\" \/>\n<col width=\"101\" \/>\n<col width=\"150\" \/><\/colgroup>\n<tbody>\n<tr>\n<td data-sheets-value=\"{&quot;1&quot;:2,&quot;2&quot;:&quot;GELE&quot;}\">GELE<\/td>\n<td data-sheets-value=\"{&quot;1&quot;:2,&quot;2&quot;:&quot;Nathalie&quot;}\">Nathalie<\/td>\n<td data-sheets-value=\"{&quot;1&quot;:2,&quot;2&quot;:&quot;Co pr\u00e9sident(e)&quot;}\">Co pr\u00e9sident(e)<\/td>\n<\/tr>\n<tr>\n<td data-sheets-value=\"{&quot;1&quot;:2,&quot;2&quot;:&quot;MAROT &quot;}\">MAROT<\/td>\n<td data-sheets-value=\"{&quot;1&quot;:2,&quot;2&quot;:&quot;Florence &quot;}\">Florence<\/td>\n<td data-sheets-value=\"{&quot;1&quot;:2,&quot;2&quot;:&quot;Co pr\u00e9sident(e)&quot;}\">Co pr\u00e9sident(e)<\/td>\n<\/tr>\n<tr>\n<td data-sheets-value=\"{&quot;1&quot;:2,&quot;2&quot;:&quot;SIMONNET&quot;}\">SIMONNET<\/td>\n<td data-sheets-value=\"{&quot;1&quot;:2,&quot;2&quot;:&quot;Aline&quot;}\">Aline<\/td>\n<td data-sheets-value=\"{&quot;1&quot;:2,&quot;2&quot;:&quot;Tr\u00e9sorier(e)&quot;}\">Tr\u00e9sorier(e)<\/td>\n<\/tr>\n<tr>\n<td data-sheets-value=\"{&quot;1&quot;:2,&quot;2&quot;:&quot;Gastineau-Bourcier&quot;}\">Gastineau-Bourcier<\/td>\n<td data-sheets-value=\"{&quot;1&quot;:2,&quot;2&quot;:&quot;Adeline&quot;}\">Adeline<\/td>\n<td data-sheets-value=\"{&quot;1&quot;:2,&quot;2&quot;:&quot;Secr\u00e9taire&quot;}\">Secr\u00e9taire<\/td>\n<\/tr>\n<tr>\n<td data-sheets-value=\"{&quot;1&quot;:2,&quot;2&quot;:&quot;Lorang &quot;}\">Lorang<\/td>\n<td data-sheets-value=\"{&quot;1&quot;:2,&quot;2&quot;:&quot;Priscillia&quot;}\">Priscillia<\/td>\n<td data-sheets-value=\"{&quot;1&quot;:2,&quot;2&quot;:&quot;Secr\u00e9taire adjoint(e)&quot;}\">Secr\u00e9taire adjoint(e)<\/td>\n<\/tr>\n<tr>\n<td data-sheets-value=\"{&quot;1&quot;:2,&quot;2&quot;:&quot;TURCAUD&quot;}\">TURCAUD<\/td>\n<td data-sheets-value=\"{&quot;1&quot;:2,&quot;2&quot;:&quot;Virginie&quot;}\">Virginie<\/td>\n<td data-sheets-value=\"{&quot;1&quot;:2,&quot;2&quot;:&quot;Membre simple du CA&quot;}\">Membre simple du CA<\/td>\n<\/tr>\n<tr>\n<td data-sheets-value=\"{&quot;1&quot;:2,&quot;2&quot;:&quot;Tessier&quot;}\">Tessier<\/td>\n<td data-sheets-value=\"{&quot;1&quot;:2,&quot;2&quot;:&quot;Luc&quot;}\">Luc<\/td>\n<td data-sheets-value=\"{&quot;1&quot;:2,&quot;2&quot;:&quot;Membre simple du CA&quot;}\">Membre simple du CA<\/td>\n<\/tr>\n<tr>\n<td data-sheets-value=\"{&quot;1&quot;:2,&quot;2&quot;:&quot;FERCHAUD&quot;}\">FERCHAUD<\/td>\n<td data-sheets-value=\"{&quot;1&quot;:2,&quot;2&quot;:&quot;Marie Th\u00e9r\u00e8se&quot;}\">Marie Th\u00e9r\u00e8se<\/td>\n<td data-sheets-value=\"{&quot;1&quot;:2,&quot;2&quot;:&quot;Membre simple du CA&quot;}\">Membre simple du CA<\/td>\n<\/tr>\n<tr>\n<td data-sheets-value=\"{&quot;1&quot;:2,&quot;2&quot;:&quot;COURJARET&quot;}\"><\/td>\n<td data-sheets-value=\"{&quot;1&quot;:2,&quot;2&quot;:&quot;Gregoire&quot;}\"><\/td>\n<td data-sheets-value=\"{&quot;1&quot;:2,&quot;2&quot;:&quot;Membre simple du CA&quot;}\"><\/td>\n<\/tr>\n<\/tbody>\n<\/table>\n","protected":false},"excerpt":{"rendered":"<p>Le conseil d&rsquo;administration de l&rsquo;association est compos\u00e9 comme suit : GELE Nathalie Co pr\u00e9sident(e) MAROT Florence Co pr\u00e9sident(e) SIMONNET Aline Tr\u00e9sorier(e) Gastineau-Bourcier Adeline Secr\u00e9taire Lorang Priscillia Secr\u00e9taire adjoint(e) TURCAUD Virginie Membre simple du CA Tessier Luc Membre simple du CA FERCHAUD Marie Th\u00e9r\u00e8se Membre simple du CA<\/p>\n","protected":false},"author":2,"featured_media":0,"parent":0,"menu_order":0,"comment_status":"closed","ping_status":"closed","template":"","meta":{"footnotes":""},"class_list":["post-78","page","type-page","status-publish","hentry"],"_links":{"self":[{"href":"https:\/\/lesluciolesdelavallee.fr\/index.php?rest_route=\/wp\/v2\/pages\/78","targetHints":{"allow":["GET"]}}],"collection":[{"href":"https:\/\/lesluciolesdelavallee.fr\/index.php?rest_route=\/wp\/v2\/pages"}],"about":[{"href":"https:\/\/lesluciolesdelavallee.fr\/index.php?rest_route=\/wp\/v2\/types\/page"}],"author":[{"embeddable":true,"href":"https:\/\/lesluciolesdelavallee.fr\/index.php?rest_route=\/wp\/v2\/users\/2"}],"replies":[{"embeddable":true,"href":"https:\/\/lesluciolesdelavallee.fr\/index.php?rest_route=%2Fwp%2Fv2%2Fcomments&post=78"}],"version-history":[{"count":7,"href":"https:\/\/lesluciolesdelavallee.fr\/index.php?rest_route=\/wp\/v2\/pages\/78\/revisions"}],"predecessor-version":[{"id":3347,"href":"https:\/\/lesluciolesdelavallee.fr\/index.php?rest_route=\/wp\/v2\/pages\/78\/revisions\/3347"}],"wp:attachment":[{"href":"https:\/\/lesluciolesdelavallee.fr\/index.php?rest_route=%2Fwp%2Fv2%2Fmedia&parent=78"}],"curies":[{"name":"wp","href":"https:\/\/api.w.org\/{rel}","templated":true}]}}