{"id":261,"date":"2018-02-07T23:44:01","date_gmt":"2018-02-07T22:44:01","guid":{"rendered":"http:\/\/lesluciolesdelavallee.fr\/?page_id=261"},"modified":"2026-03-02T19:19:10","modified_gmt":"2026-03-02T18:19:10","slug":"les-sejours-2018-se-preparent","status":"publish","type":"page","link":"https:\/\/lesluciolesdelavallee.fr\/?page_id=261","title":{"rendered":"S\u00e9jours"},"content":{"rendered":"<p>Les s\u00e9jours 2026 sont pr\u00eats&#8230;\u00a0 tout un programme avec 9 s\u00e9jours pour tous les \u00e2ges !<\/p>\n<p>A bient\u00f4t !<\/p>\n\n\n<p><\/p>\n","protected":false},"excerpt":{"rendered":"<p>Les s\u00e9jours 2026 sont pr\u00eats&#8230;\u00a0 tout un programme avec 9 s\u00e9jours pour tous les \u00e2ges ! A bient\u00f4t !<\/p>\n","protected":false},"author":3,"featured_media":0,"parent":0,"menu_order":0,"comment_status":"closed","ping_status":"closed","template":"","meta":{"footnotes":""},"class_list":["post-261","page","type-page","status-publish","hentry"],"_links":{"self":[{"href":"https:\/\/lesluciolesdelavallee.fr\/index.php?rest_route=\/wp\/v2\/pages\/261","targetHints":{"allow":["GET"]}}],"collection":[{"href":"https:\/\/lesluciolesdelavallee.fr\/index.php?rest_route=\/wp\/v2\/pages"}],"about":[{"href":"https:\/\/lesluciolesdelavallee.fr\/index.php?rest_route=\/wp\/v2\/types\/page"}],"author":[{"embeddable":true,"href":"https:\/\/lesluciolesdelavallee.fr\/index.php?rest_route=\/wp\/v2\/users\/3"}],"replies":[{"embeddable":true,"href":"https:\/\/lesluciolesdelavallee.fr\/index.php?rest_route=%2Fwp%2Fv2%2Fcomments&post=261"}],"version-history":[{"count":56,"href":"https:\/\/lesluciolesdelavallee.fr\/index.php?rest_route=\/wp\/v2\/pages\/261\/revisions"}],"predecessor-version":[{"id":3603,"href":"https:\/\/lesluciolesdelavallee.fr\/index.php?rest_route=\/wp\/v2\/pages\/261\/revisions\/3603"}],"wp:attachment":[{"href":"https:\/\/lesluciolesdelavallee.fr\/index.php?rest_route=%2Fwp%2Fv2%2Fmedia&parent=261"}],"curies":[{"name":"wp","href":"https:\/\/api.w.org\/{rel}","templated":true}]}}